56308787 a prime number?
True
Is 1127682463 prime?
True
Is 850258813 a composite number?
True
Is 2279419283 a prime number?
False
Is 21133477897 prime?
False
Is 300312517 a composite number?
False
Is 11053360831 a composite number?
False
Is 972212531 a composite number?
True
Is 3094731317 prime?
False
Is 13813338169 a prime number?
False
Is 57989171 a prime number?
False
Is 49334549 a composite number?
True
Is 34232264249 a composite number?
False
Is 1011206351 a composite number?
True
Is 4788699677 a composite number?
True
Is 51026903737 a prime number?
False
Is 31427132491 a composite number?
True
Is 5152692151 prime?
False
Is 4281130303 a composite number?
False
Is 907086683 a composite number?
True
Is 14237281 a composite number?
False
Is 5161255457 a composite number?
True
Is 94205634737 a prime number?
True
Is 2160133467 composite?
True
Is 262340743481 prime?
False
Is 3180566071 a prime number?
False
Is 2140821049 a prime number?
False
Is 53340144829 a composite number?
True
Is 1797386027 composite?
True
Is 180968624641 a composite number?
True
Is 4282367179 prime?
False
Is 599984992999 a composite number?
True
Is 14399058101 a composite number?
False
Is 4817372179 prime?
True
Is 11883791 a composite number?
True
Is 204699463 prime?
True
Is 69811032065 prime?
False
Is 43990598 prime?
False
Is 976243903 a composite number?
False
Is 616645669 prime?
False
Is 18944606617 prime?
False
Is 84149136173 prime?
False
Is 64228043063 a prime number?
True
Is 7283685031 prime?
False
Is 37098147773 a prime number?
False
Is 44856790301 a composite number?
False
Is 22843481417 a prime number?
False
Is 88887241 prime?
True
Is 1438839799 a composite number?
True
Is 540357589 composite?
True
Is 257119957 a composite number?
True
Is 1381506977 prime?
True
Is 46869315593 prime?
False
Is 2870158547 a composite number?
True
Is 9891531933 a composite number?
True
Is 7775491933 a prime number?
False
Is 29237945173 a prime number?
False
Is 62912162623 composite?
False
Is 1765120381 a prime number?
True
Is 3741954247 a composite number?
True
Is 59565161269 prime?
True
Is 2971149281 composite?
False
Is 81255143 a composite number?
False
Is 3449746129 a prime number?
True
Is 76517353 composite?
True
Is 1932882481 prime?
False
Is 566467009 composite?
False
Is 210031891 composite?
True
Is 8672553497 a composite number?
False
Is 6734743361 composite?
True
Is 145619187223 a prime number?
False
Is 231070701 a composite number?
True
Is 54396113195 prime?
False
Is 54875897827 prime?
True
Is 126892501 a composite number?
True
Is 3387211577 a composite number?
False
Is 35949509059 composite?
True
Is 1181129959 prime?
False
Is 59649978757 composite?
False
Is 161271769 a composite number?
False
Is 660122611 composite?
False
Is 2353698287 a composite number?
True
Is 6008878549 prime?
False
Is 18914347303 composite?
False
Is 256431493 composite?
False
Is 3459686129 a prime number?
False
Is 128354179 composite?
False
Is 182455757387 a prime number?
False
Is 28537505813 composite?
True
Is 2847344537 composite?
False
Is 5704043971 a composite number?
False
Is 4517123191 prime?
False
Is 10282281563 a composite number?
True
Is 26558199817 a prime number?
True
Is 14463336289 a composite number?
False
Is 185244197 composite?
False
Is 12849527687 a prime number?
True
Is 16925806451 a prime number?
False
Is 748049663 composite?
False
Is 5447427311 prime?
False
Is 8107719745 composite?
True
Is 4928788873 prime?
False
Is 6998048921 composite?
True
Is 115067243 a prime number?
False
Is 22851648887 a prime number?
True
Is 1914936383 a composite number?
False
Is 60821797 composite?
False
Is 422820257 composite?
False
Is 310107726793 prime?
True
Is 2573002331 prime?
False
Is 2159160167 prime?
False
Is 1546397114 prime?
False
Is 17163838589 prime?
True
Is 9769914085 prime?
False
Is 13004815387 composite?
False
Is 3026321689 composite?
False
Is 12827365609 a prime number?
False
Is 15201468307 a composite number?
True
Is 22344828091 prime?
True
Is 28375637911 a composite number?
False
Is 858494069 composite?
False
Is 31713813227 a composite number?
False
Is 4013839861 a prime number?
True
Is 4715315201 composite?
False
Is 55487953 composite?
True
Is 10016426263 composite?
False
Is 1400853761 composite?
True
Is 578887546 composite?
True
Is 2811360287 a composite number?
False
Is 4447710313 a prime number?
False
Is 1458991277 prime?
False
Is 2096978729 composite?
False
Is 33210323719 a prime number?
True
Is 762817411 a composite number?
False
Is 1436854555 prime?
False
Is 1862297513 prime?
True
Is 1411785521 a prime number?
True
Is 41090641 prime?
False
Is 16766852029 a prime number?
False
Is 5776597199 prime?
True
Is 13591951021 prime?
False
Is 5065522313 composite?
False
Is 9589805431 prime?
True
Is 4387208983 a composite number?
False
Is 1363489557 composite?
True
Is 290278326419 a prime number?
True
Is 585520373 composite?
True
Is 99969930857 prime?
False
Is 7676487419 composite?
False
Is 3850920907 prime?
True
Is 13659558817 a composite number?
True
Is 17416418941 a prime number?
False
Is 1305600239 a composite number?
False
Is 39271260667 a composite number?
True
Is 3212429717 a prime number?
False
Is 26494801149 composite?
True
Is 336576397 composite?
False
Is 2227668551 a composite number?
False
Is 20536483787 a prime number?
False
Is 2145770293 composite?
True
Is 192531550769 a composite number?
False
Is 3689733043 composite?
False
Is 394057163 composite?
False
Is 221808941 prime?
False
Is 301372273 a prime number?
False
Is 3712803049 a composite number?
False
Is 6316280933 a prime number?
False
Is 194490757 prime?
False
Is 47098153961 a composite number?
False
Is 703352729 prime?
True
Is 128305332901 prime?
False
Is 42823299061 prime?
False
Is 30805031 composite?
True
Is 47063543537 prime?
False
Is 41055221 a prime number?
False
Is 7940795 a composite number?
True
Is 290523601 composite?
False
Is 37184140031 a prime number?
True
Is 19466415443 a prime number?
False
Is 2661021047 prime?
False
Is 6754568649 a composite number?
True
Is 1781188177 prime?
False
Is 1495430767 a prime number?
False
Is 4088307214 a prime number?
False
Is 73410914471 composite?
False
Is 1169354233 prime?
True
Is 7168264405 a composite number?
True
Is 45532099 a prime number?
False
Is 866104121 a prime number?
True
Is 472295191 prime?
True
Is 1733490658 prime?
False
Is 826256633 composite?
False
Is 12997131307 a composite number?
False
Is 5640565261 a prime number?
False
Is 6347778481 a prime number?
False
Is 37616708101 composite?
True
Is 9990346679 a prime number?
True
Is 18000200861 a prime number?
True
Is 2637973643 prime?
False
Is 67490937167 a composite number?
True
Is 1020693629 a prime number?
False
Is 85328531081 composite?
False
Is 283161253 a composite number?
False
Is 691831267 composite?
False
Is 17208991273 a composite number?
False
Is 19691220833 prime?
True
Is 228797818271 prime?
False
Is 17513072603 a composite number?
True
Is 17834504113 prime?
False
Is 12359417363 composite?
False
Is 78665290763 prime?
False
Is 3623516971 prime?
False
Is 473324837 prime?
False
Is 14718976949 a prime number?
True
Is 680630759 a composite number?
False
Is 21025757107 a prime number?
True
Is 54167723887 prime?
False
Is 1019350309 a composite number?
False
Is 26081549467 a prime number?
True
Is 1938086039 composite?
True
Is 11576726807 composite?
False
Is 1778179191 a prime number?
False
Is 1924536598 a prime number?
False
Is 65975909023 composite?
True
Is 390755359 a prime number?
True
Is 189103150151 prime?
True
Is 3325187 a prime number?
True
Is 1863049667 prime?
False
Is 43062575701 prime?
False
Is 804773279 a composite number?
True
Is 45962661101 prime?
False
Is 22199134307 prime?
False
Is 287290063 a composite number?
False
Is 5065714907 prime?
False
Is 138093250439 a composite number?
False
Is 60660377 a prime number?
True
Is 20149769483 a prime number?
True
Is 24732909517 a composite number?
True
Is 2260504007 prime?
False
Is 11522337443 composite?
False
Is 713416607 a prime number?
False
Is 332794603 composite?
False
Is 30630254419 a prime number?
True
Is 32842260755 a prime number?
False
Is 52149787 a composite number?
False
Is 14177370001 a composite number?
False
Is 10878671987 a prime number?
True
I